9
Let g(j) = -3*j - 6. Let c be g(-3). Suppose -5*t - 3*z = -3 + 1, t = 2*z + c. List the prime factors of 3/(-3)*-91 - t.
2, 3, 5
Let p(l) = 8*l**2 + 121*l - 119. List the prime factors of p(21).
2, 5, 7, 17
Suppose 0 = 2*v - 2*i - 32256, 0 = 2*v - 3*i - 13051 - 19200. What are the prime factors of v?
13, 17, 73
Let o = 179 - 175. Suppose o*j - 836 = -0*j - 4*f, -5*f + 409 = 2*j. What are the prime factors of j?
2, 53
Suppose 4*j = -4*m + 83208, -4*j + 9776 = 2*m - 31826. What are the prime factors of m?
71, 293
Suppose 3*h = -4*p + 4 + 38, 0 = 2*h + 3*p - 27. Suppose 21*j - 36 = 3*j. What are the prime factors of ((-600)/(-40))/(j/h)?
3, 5
Let t(x) = 109*x**2 - x - 25. Let n be t(-3). What are the prime factors of n/411*(1 - (-289 + -1))?
7, 97
Suppose 2*p - 24 = w - 147, 476 = 4*w - 4*p. Let l = -63 + w. Suppose -2*o = -l + 28. What are the prime factors of o?
2, 3
Let h = 19271 - 1373. What are the prime factors of h?
2, 3, 19, 157
Suppose -68 = 3*r + 130. Let w be 155/(-6) - (-11)/r. List the prime factors of (w + 1)/((-5)/5).
5
Let h(u) = -u**3 + 82*u**2 - 95*u - 390. What are the prime factors of h(71)?
2, 47, 257
Suppose 0 = l + 3*p - 12, 3*p - 60 = -4*l - 3. Suppose l - 920 = -o. What are the prime factors of 3/2 - o/(-10)?
2, 23
Let d(m) be the third derivative of -m**6/60 + m**5/30 - m**3/3 + 5*m**2. Suppose -16*u = -11*u + 15. List the prime factors of d(u).
2, 5, 7
Let m = -362 - -367. Let u = -3 - -8. Suppose m*a = 3*h + 347, 0*a + 2*h = -u*a + 327. List the prime factors of a.
67
Let w(u) = 415*u**3 - u**2 - 62*u + 239. What are the prime factors of w(4)?
3, 5, 29, 61
Let n(a) = -2*a - 1. Let v be n(-2). List the prime factors of (-7)/42*v*-1450.
5, 29
List the prime factors of (-1)/(((-89)/534)/((-8427)/(-2))).
3, 53
Let m(w) = 8*w + 11. Let c = -45 + 43. Let f be m(c). Let h(u) = -29*u - 26. List the prime factors of h(f).
7, 17
Let z be (-29810)/88*72/(-15). Let l = z + -343. List the prime factors of l.
1283
Let f(b) = 3*b - 110. Let g be f(34). Let y(w) = -2*w**3 - 13*w**2 - 17*w - 2. What are the prime factors of y(g)?
2, 163
Let i(v) = -2*v**3 - 50*v**2 - 147*v + 46. List the prime factors of i(-25).
61
Suppose -22*j = -41*j + 24871. Let c = j - 463. What are the prime factors of c?
2, 3, 47
Suppose 2*i = -5*l - 35, -20*l = -i - 15*l + 5. What are the prime factors of (-8 - 195/(-25)) + (-10252)/i?
5, 41
Suppose f + 4549 = 5*z, -633 = -2*z - 5*f + 1165. Let v = z - 463. List the prime factors of v.
2, 223
Let v(h) = 14*h**2 - 6*h - 4. Suppose 9 = -198*m + 201*m. Suppose -56 = m*b + 11*b. List the prime factors of v(b).
2, 61
Let b = 20 - 15. Let c be (-830)/(-4) - b/10. Suppose c = -7*h + 690. List the prime factors of h.
3, 23
Let b(y) = 9*y**3 + 2*y**2 + 8*y + 80. List the prime factors of b(15).
5, 17, 73
Suppose -20*j + 9915 = -15*j. Suppose 3*g + 3*p = j, 0*p - 4*p - 1346 = -2*g. List the prime factors of g.
5, 7, 19
Let s(v) = -v**3 - 2*v**2 + 4*v - 1. Let t be s(1). List the prime factors of 6/(-5)*(t + 1130/(-4)).
3, 113
What are the prime factors of (346 + -4 + -2)*(-246)/(-4)?
2, 3, 5, 17, 41
Let x be (2 + (-10)/3)/(8/(-6)). Let h(j) = -11*j - 66. Let w(f) = -2. Let o(r) = x*h(r) + 3*w(r). What are the prime factors of o(-9)?
3
Let z be 70 + (-7 - -18) + (-2 - 7). Suppose -2*k + 11 + 1 = 3*x, 0 = -3*x - 5*k + 12. List the prime factors of (74/x)/(9/z).
2, 37
Let t(h) = 57*h**3 + 20*h**2 - 64*h - 8. What are the prime factors of t(5)?
7297
Let q(r) = r**2 + 9*r. Let k be q(-6). Suppose -5*o = -4*s + 36, -3*s = 274*o - 273*o - 8. List the prime factors of (16/(-6))/s + (-624)/k.
2, 17
What are the prime factors of ((-112700)/15)/20*(-36 + -9)?
3, 5, 7, 23
Suppose 58*y - 370 = 21*y. Let l(k) = k**2 - 16 - 3 - 5*k - 2*k. What are the prime factors of l(y)?
11
What are the prime factors of 164320/15 + -1 + 16/120*-5?
3, 1217
List the prime factors of 77/(-54) - 174/(-116) - (-1854078)/162.
3, 5, 7, 109
Suppose 5 = 5*x, -x + 32 = 5*t + x. Let h = t - 8. List the prime factors of h/(-1) - (-1 + -2 - 18).
23
List the prime factors of ((-6)/21)/(-1) + (101424/14)/12.
2, 151
List the prime factors of (9450100/(-880))/((-1)/8).
2, 5, 11, 71
Suppose 0 = -8*n + 10*n - 8. Let i(g) = 9*g - n*g + 18 - 23. What are the prime factors of i(7)?
2, 3, 5
Suppose -97*l + 96*l = -6. Suppose 2*o + l*k - 7*k = 4, -5*k - 20 = -4*o. Suppose o = 5*v + 5*v - 530. What are the prime factors of v?
53
Let p be 20*(-5 + 8 + (-6)/4). Suppose -h - 5*h = p. List the prime factors of (-9)/6*(-3 - h) + 138.
3, 5
Let i be ((-111)/9)/(3/9). Let b = -17 - i. List the prime factors of 411/12 - 5/b.
2, 17
Suppose -9*t - 122 = -374. Let l = 56 + t. Suppose -2*x = -34 - l. What are the prime factors of x?
59
Let r(y) = 165*y - 27. Suppose 28*q = 29*q - 6. List the prime factors of r(q).
3, 107
Suppose -20*w = -36*w + 21360. Suppose 4*u = 4*o + 1644, -720 - w = -5*u - 2*o. List the prime factors of u.
3, 137
Suppose -p + 0 = -2, 2*p - 4 = 3*x. Suppose -9*k + 23*k = x. Suppose -2*h + 4*h - 326 = k. List the prime factors of h.
163
Let i = -1114 - -9335. What are the prime factors of i?
8221
Suppose 3*u = -2*m - 20, 3*m - 12 - 18 = 3*u. Let t(r) = 24*r**2 + 7*r - 1. List the prime factors of t(u).
3, 17, 29
Suppose -1191 = 4*a + x + 348, -2*x = 3*a + 1148. What are the prime factors of (0 - 2) + (-7 - a)?
13, 29
Let a = 374 + -375. Let f(h) = h**2 + 5*h - 7. Let z be f(-6). List the prime factors of (-222)/4*z/a*-2.
3, 37
Let v = 10889 + -10887. Let k(o) = 4 + 2 + 12*o**2 - o + 0*o. List the prime factors of k(v).
2, 13
Suppose 5*u = 127254 - 18294. List the prime factors of u.
2, 3, 227
Let i(q) be the third derivative of -5*q**4/6 - 29*q**3/6 - 5*q**2. Let t(r) = 2*r**2 - 37*r + 47. Let w be t(17). List the prime factors of i(w).
3, 17
Suppose t - 18 = -8. Let o(j) = -3*j**3 + 30*j**2 + 3*j - 6. List the prime factors of o(t).
2, 3
Let a(f) = 6*f**2 + 19*f - 3. Let t(k) = 3*k**2 + 9*k - 2. Let m(y) = -3*a(y) + 7*t(y). Let w = 18 + -25. What are the prime factors of m(w)?
2, 5
Suppose -6*c + 89 = 71. Suppose 2*i - 296 = -o, -2*i + 65 = -4*o - 211. Suppose c*k - 439 = i. List the prime factors of k.
3, 5, 13
Let i(m) = m**3 + 22*m**2 + 21*m + 5. Let g be i(-21). What are the prime factors of 28/(-8)*(-960)/g?
2, 3, 7
Let w(i) = 17*i**2 - 2*i + 4. Let p(t) = 3*t**2 - 6*t. Let s be p(2). Suppose 16 = -s*n + 8*n. What are the prime factors of w(n)?
2, 17
Suppose -5*c - 2*t + 0*t + 1456 = 0, c + 5*t - 305 = 0. Suppose -2*x + 2*a + 136 = 0, 0*x + 5*a = -4*x + c. List the prime factors of x.
2, 5, 7
Suppose 4*t - 2430 = -3*j, -10*t = -9*t - j - 604. Suppose -610*f + t*f = -316. What are the prime factors of f?
79
Let b(p) = 10*p**3 + 4*p**2 - 2*p - 2. Let c be b(4). Suppose -c*g + 687*g + 7903 = 0. List the prime factors of g.
1129
Suppose -5*r = 4*j - 39 - 6, 0 = -2*j + 5*r - 15. Let o be j/((-15)/6) - 5 - -3. Let d(m) = -m**3 + 9*m**2 - 5*m - 10. List the prime factors of d(o).
2, 109
Suppose -s - 4*j + 22 = -0*j, 5*j - 25 = 0. Suppose -h - 1745 = -s*b + 2*h, 4394 = 5*b + 3*h. What are the prime factors of b?
877
Suppose 1246*s = 1120*s + 2547720. What are the prime factors of s?
2, 3, 5, 337
Suppose g - 4*m = -53, 7*g = 2*g + m - 189. Suppose 0 = 85*q - 89*q + 256. Let u = g + q. List the prime factors of u.
3
Let q(l) = -l**3 - 22*l**2 + 49*l + 34. Suppose -3*m - 94 = 4*s, -2*m - 31 = s - 5*m. What are the prime factors of q(s)?
2, 3, 19
Let t(r) = 3*r + 15. Let j(y) = 4*y + 14. Let d(q) = -4*j(q) + 3*t(q). Let u be d(-5). What are the prime factors of ((-16)/u)/((-6)/261)?
29
Let k be 0*2/8 - -3. Let h be -53 + -1 - (-3 + k). What are the prime factors of (-1)/1 - 1 - h/2?
5
Let l(c) = -14*c + 90. Let w be l(5). Suppose 0*h + 1896 = 3*h - 3*t, 0 = -4*t + w. What are the prime factors of h?
7, 13
Suppose -4*j - 4497 + 34447 = 3*u, -j = 3*u - 7483. What are the prime factors of j?
7489
Suppose 763 = 2*n - 1165. Suppose 2*m + l - 1207 = 0, 2*m - l = 233 + n. What are the prime factors of m?
601
Let l be (0 + 4/(-6))*(-37 + 4). Suppose 14 = -n + l. Suppose -n*z + 1408 = -0*z. What are the prime factors of z?
2, 11
Suppose 3*i = -i - 4, -5*i - 11515 = -c. What are the prime factors of c?
2, 5, 1151
Let n(m) = 24*m + 36*m**2 + 10*m**2 - 11*m**2 + 128 + 13*m. Wha